
4
Suppose -2*d - 15 + 268 = -29. Calculate the highest common factor of d and 3.
3
Suppose 32*f - 27*f + 2*i = 50, 0 = -5*i - 25. Let u be ((-6)/(-5))/(f/3920). What is the greatest common divisor of u and 147?
49
Let r = 56594 + -56581. Suppose 5*m = -5*b + 795, 3*b - 4*b + m = -153. What is the highest common divisor of r and b?
13
Let m be (2/(-14) - (-6636)/147)*38612/70. What is the greatest common factor of 14 and m?
14
Suppose -2*r + 3*n = -15939, 5*r - 15516 - 24293 = 2*n. What is the greatest common factor of 42 and r?
21
Let w be ((-147)/(-245))/(2/130 - 0). Calculate the greatest common factor of 169 and w.
13
Let j = 196 - 103. Let i(t) = -t**2 + 149*t - 3263. Let v be i(29). Calculate the greatest common factor of v and j.
31
Let f(s) = -1702*s + 1749. Let g be f(-20). What is the highest common divisor of g and 13?
13
Let h = -312 + 530. Let v = h + -89. Calculate the highest common factor of v and 3.
3
Let s = -2400 + 2544. Calculate the highest common divisor of 1424 and s.
16
Let b(c) = -c**2 + 12*c - 8. Let t be b(6). Suppose -69*r = -2171 - 3142. What is the highest common factor of t and r?
7
Let t be (-80)/12*(-117)/273*14/4. What is the greatest common divisor of 755 and t?
5
Let h(a) = -a**3 + 8*a**2 - 5*a + 2. Let n be h(7). Let l(u) = u**3 + 2*u**2 - 20*u. Let r be l(4). What is the highest common divisor of n and r?
16
Suppose -3*k + 4 = k, 5*u = 4*k - 4. Suppose u = -2*n - 1 - 9. Let s be ((-4)/n)/(1/200). Calculate the highest common divisor of s and 64.
32
Let c(x) = -x**2 + 22*x - 11. Let b be c(24). Let k = b + 62. Let v be (72 + k)*(5 - 2). Calculate the greatest common factor of v and 25.
25
Let k = 27 + -18. Let y(n) = 7*n - 57. Let d be y(k). Calculate the greatest common divisor of d and 2.
2
Let m(n) = -2*n**3 + 230*n**2 - 894*n + 729. Let z be m(111). Suppose -18 = -0*d - d. What is the greatest common divisor of d and z?
9
Let v(z) = 6919*z - 17. Let j be v(-1). Let p be (18/(-8))/(3*17/j). Calculate the greatest common divisor of 9 and p.
9
Let g be 2476/8 - 9/(-6). Suppose -c = -3*v + g, -8*v - 5*c = -3*v - 525. What is the greatest common factor of 8 and v?
8
Suppose -11*o + 90 = -8*o. Let i be 3 - 39/52*(-1 + 5). Suppose 10 = -5*m, -4*x + m = -i*m - 14. What is the greatest common factor of x and o?
3
Let j(u) = 33*u + 9. Let b be j(1). Let k be ((-8)/10)/(18/135). Let m be (1/k*-6)/(1/6). Calculate the highest common divisor of m and b.
6
Suppose -s + 3*s + 4*m = 352, -5*s = 4*m - 856. Suppose -1856 = -176*b + s*b. What is the highest common factor of b and 58?
58
Suppose -87 - 3 = -18*h. Suppose 10*w - 160 = h*w. What is the greatest common divisor of w and 24?
8
Let t(d) = d - 62. Let a be t(17). Let o = -31 - a. Suppose q = 2*q - 28. Calculate the highest common divisor of o and q.
14
Suppose -3*m = -260 - 58. Let d be 4*-2*(-5330)/6560*106. Calculate the greatest common divisor of m and d.
53
Let l = 7948 - 7899. What is the highest common factor of l and 161?
7
Let s = -25 - -41. Suppose 48*k + 471 = 6615. What is the greatest common factor of s and k?
16
Let r(x) = -34*x**3 + x**2 - 1. Let h be r(-1). Let t be ((-81)/36)/(2/(-8)). Suppose 204 = t*n - 3*n. What is the highest common factor of h and n?
34
Let i be ((87150/(-56))/(-25))/(1/4). What is the highest common divisor of 9545 and i?
83
Let u be 2 + 6/8*4. Suppose 5*l - 53 = -5*x + x, u*x + 2*l = 62. Suppose -x = -h - 3*q + 7, 0 = -5*h - 4*q + 40. What is the highest common divisor of h and 10?
2
Let k be 101 + (-25)/(-25) + (-6)/2. Let y = -48 - -81. What is the greatest common divisor of y and k?
33
Let r = 6 - 2. Suppose 3*m - 48 = -2*y, 2*y + 0*m - 76 = r*m. Let u = 7333 - 7327. Calculate the highest common divisor of y and u.
6
Let b be (-4)/(32/(-792)) - 11. Calculate the highest common factor of 33 and b.
11
Suppose -3*w - 41 = -38. Let k(z) = 27*z**2 - 2*z - 1. Let o be k(w). Let c = 15 - 11. Calculate the highest common divisor of o and c.
4
Let c be 1/4 + 2197/(-52). Let y = -40 - c. Let j be 1*-19*(y + -4). What is the highest common factor of j and 266?
38
Suppose 63*y - 779 = 1237. What is the highest common factor of 6688 and y?
32
Suppose 0 = -q + d + 255 - 28, -4*q - 5*d = -944. What is the highest common divisor of 1659 and q?
21
Let c be (3/8)/(708/7552). What is the highest common factor of c and 2116?
4
Suppose -3*s - 35 = -9*g + 23320, -3*g - 5*s + 7785 = 0. Calculate the highest common divisor of 105 and g.
15
Let v be ((-3)/(-2))/(3/114). Let l be -8 + (-12 - -22) + 3. Suppose -2*z - 39 = -l*z - 5*i, -4*z - 5*i = -v. Calculate the highest common divisor of 6 and z.
6
Suppose 0 = -x + 3*b + 31, -3*x = -6*b + 9*b - 69. Let i be 4/4*-3 + x. Calculate the greatest common factor of 11 and i.
11
Let i(c) = -9*c + 2. Let r be i(2). Let f be (r/4)/4 + 1. Suppose f = 9*h - 5*h - 88. What is the greatest common divisor of h and 198?
22
Let f(u) = -4*u - 81. Let o be f(19). Let t = o + 229. Calculate the greatest common factor of t and 27.
9
Let z = -33 - -36. Suppose -3*h + 5*l + 319 = 0, -h = -6*l + 7*l - 101. Let c = 112 - h. Calculate the highest common divisor of c and z.
3
Let u be -8 + (12 + -11)/(2 + -3)*-8247. What is the greatest common divisor of u and 214?
107
Let k(b) = 2*b**3 + 96*b**2 + 185*b + 60. Let s be k(-46). What is the greatest common factor of s and 791?
7
Suppose b + s - 2 = 0, 9 = -5*b + 4*s + 1. Suppose -7*u + 606 - 179 = b. Calculate the highest common divisor of 183 and u.
61
Suppose -2*t = 3*j - 78, -3*t - 2*j + 100 = -6*j. Suppose 3*w = 15 + 96. Suppose -w*v - 29 + 362 = 0. What is the greatest common divisor of v and t?
9
Suppose -64*d = -61*d - 6. Let w be -69*4*((-6)/d)/18. What is the highest common divisor of w and 115?
23
Suppose -19 - 20 = -13*h. Suppose -h*o + 6*z = z - 137, -3*z - 135 = -3*o. Calculate the highest common factor of o and 22.
22
Let q(i) = 2*i**3 - 7*i**2 - 9*i + 44. Let f be q(5). Suppose -4*d - 26 = -250. Suppose -3*g + 277 + d = 0. What is the highest common factor of g and f?
37
Suppose 0 = 6*m - 3 - 27. Suppose 0*a + 85 = m*a - 5*b, -3*b = 6. Calculate the highest common divisor of a and 45.
15
Suppose -295 = -4*s - 30*z + 35*z, 18*z - 18 = 0. Calculate the greatest common divisor of s and 2275.
25
Suppose 0 = -3*p + 131 + 418. Calculate the highest common factor of 2318 and p.
61
Suppose -264 = -4*j - 60. Suppose y + v - 4*v - 105 = 0, -3*v = -2*y + 207. Calculate the greatest common divisor of j and y.
51
Suppose -5*g = -7 - 3. Suppose -40 = -z - 2*q, 46 = g*z - z - q. Suppose 0 = -5*o + 271 + 279. What is the greatest common divisor of o and z?
22
Let a be 25 + 7 + -6 + -6. Suppose a*j = 16*j - 2*s + 666, -s = -5*j + 815. Calculate the highest common divisor of j and 287.
41
Let x be (17 - 2) + -7*(-18)/42. Suppose -2*t + 480 = -n + 9, 0 = 5*n + 15. Calculate the highest common divisor of t and x.
18
Let t(d) = -2*d. Let l be t(-4). Let p = l + -2. Let a(n) = 37*n - 211. Let x be a(7). What is the greatest common divisor of p and x?
6
Let d(w) be the third derivative of w**5/30 - 11*w**4/24 + 9*w**2. Let j be d(6). Suppose 796*m = 787*m + 144. Calculate the highest common factor of j and m.
2
Let t(q) = -263*q**3 + 31*q**2 + 30*q. Let v be t(-1). Calculate the highest common divisor of 66 and v.
66
Let l = 2189 + -1600. Calculate the greatest common divisor of 171 and l.
19
Let a = 1092 + -1090. What is the greatest common factor of a and 130?
2
Let i = -71 - -78. Suppose -15*u = -i*u - 272. What is the highest common divisor of u and 17?
17
Let s be 378/4 - (-1)/2. Let z(r) = -r**3 + 20*r**2 + 2*r - 20. Let y be z(20). Let o be (-228)/y*65/(-39). What is the highest common divisor of s and o?
19
Let r(t) = 2*t**2 - 3*t - 5. Let j be r(5). Let p be (-1 - -2)/(5/j). Suppose -34*y + 116 - 14 = 0. Calculate the greatest common divisor of y and p.
3
Suppose v = 3*v - 44. Let i(t) = 2*t**2 - 4*t + 18. Suppose -6 = -0*o - o. Let m be i(o). What is the greatest common factor of m and v?
22
Let v(y) = -y**3 - 2*y**2 + 2. Let t be v(-2). Suppose t*z - 34 = -0*z. Let c = 10816 - 10782. What is the highest common factor of c and z?
17
Let t be 49/(-343) + (-76)/7 - -2496. Calculate the highest common divisor of 35 and t.
35
Suppose -11*r - 1984 = -15*r. Let t = 1580 - r